{"id":44,"date":"2020-03-23T14:44:17","date_gmt":"2020-03-23T13:44:17","guid":{"rendered":"http:\/\/test.judomicheldorf.com\/?page_id=44"},"modified":"2025-09-28T19:49:51","modified_gmt":"2025-09-28T17:49:51","slug":"training","status":"publish","type":"page","link":"http:\/\/www.judomicheldorf.com\/?page_id=44","title":{"rendered":"Training"},"content":{"rendered":"\n<div class=\"wp-block-buttons is-layout-flex wp-block-buttons-is-layout-flex\">\n<div class=\"wp-block-button\"><a class=\"wp-block-button__link wp-element-button\" href=\"https:\/\/club.spond.com\/landing\/signup\/judokremstal\/form\/159C1CDFC214421C92C30197479A571D\">Anmeldung zum Schnupperkurs 2026<\/a><\/div>\n\n\n\n<div class=\"wp-block-button\"><a class=\"wp-block-button__link wp-element-button\" href=\"https:\/\/club.spond.com\/landing\/signup\/judokremstal\/form\/6DCD72206B5546AAA8AC7B97F4C7E04C\">Anmeldung Anf\u00e4ngerkurs 2026<\/a><\/div>\n<\/div>\n\n\n\n<p><br><strong>Grundlagentraining<\/strong><br>Der perfekte Einstieg f\u00fcr alle Anf\u00e4nger ohne Judo-Erfahrung \u2013 egal ob Kinder oder Erwachsene.<br>\u27a1\ufe0f L\u00e4uft von September bis Dezember als kompletter Anf\u00e4ngerkurs.<\/p>\n\n\n\n<p><strong>Basistraining<\/strong><br>F\u00fcr Judoka mit Vorkenntnissen von <strong>Wei\u00df bis Orange-Gr\u00fcn<\/strong>. Hier werden Grundlagen vertieft und erweitert.<br>\u27a1\ufe0f Geeignet f\u00fcr Kinder und Erwachsene.<\/p>\n\n\n\n<p><strong>Aufbautraining<\/strong><br>Ab <strong>Gr\u00fcngurt<\/strong>: gezieltes Technik- und Konditionstraining f\u00fcr Jugendliche und Erwachsene, die ihre F\u00e4higkeiten weiterentwickeln m\u00f6chten.<\/p>\n\n\n\n<div class=\"wp-block-group\"><div class=\"wp-block-group__inner-container is-layout-constrained wp-block-group-is-layout-constrained\">\n<div class=\"wp-block-group\"><div class=\"wp-block-group__inner-container is-layout-constrained wp-block-group-is-layout-constrained\"><dl class=\"jetpack-business-hours wp-block-jetpack-business-hours\"><div class=\"jetpack-business-hours__item\"><dt class=\"Mon\">Montag<\/dt><dd class=\"Mon\">17:00 &#8211; 18:00, 18:00 &#8211; 19:30, 19:45 &#8211; 21:15<\/dd><\/div><div class=\"jetpack-business-hours__item\"><dt class=\"Tue\">Dienstag<\/dt><dd class=\"Tue\">Geschlossen<\/dd><\/div><div class=\"jetpack-business-hours__item\"><dt class=\"Wed\">Mittwoch<\/dt><dd class=\"Wed\">Geschlossen<\/dd><\/div><div class=\"jetpack-business-hours__item\"><dt class=\"Thu\">Donnerstag<\/dt><dd class=\"Thu\">Geschlossen<\/dd><\/div><div class=\"jetpack-business-hours__item\"><dt class=\"Fri\">Freitag<\/dt><dd class=\"Fri\">17:00 &#8211; 18:00, 18:00 &#8211; 19:30, 19:45 &#8211; 21:15<\/dd><\/div><div class=\"jetpack-business-hours__item\"><dt class=\"Sat\">Samstag<\/dt><dd class=\"Sat\">Geschlossen<\/dd><\/div><div class=\"jetpack-business-hours__item\"><dt class=\"Sun\">Sonntag<\/dt><dd class=\"Sun\">Geschlossen<\/dd><\/div><\/dl><\/div><\/div>\n<\/div><\/div>\n\n\n\n<p><br><strong>Freizeitpark Micheldorf, Ziehbergstra\u00dfe 9, 4563 Micheldorf<\/strong><br><\/p>\n\n\n\n<p><\/p>\n","protected":false},"excerpt":{"rendered":"<p>GrundlagentrainingDer perfekte Einstieg f\u00fcr alle Anf\u00e4nger ohne Judo-Erfahrung \u2013 egal ob Kinder oder Erwachsene.\u27a1\ufe0f L\u00e4uft von September bis Dezember als kompletter Anf\u00e4ngerkurs. BasistrainingF\u00fcr Judoka<\/p>\n","protected":false},"author":1,"featured_media":0,"parent":0,"menu_order":0,"comment_status":"closed","ping_status":"closed","template":"","meta":{"footnotes":""},"class_list":["post-44","page","type-page","status-publish","hentry"],"jetpack_sharing_enabled":true,"_links":{"self":[{"href":"http:\/\/www.judomicheldorf.com\/index.php?rest_route=\/wp\/v2\/pages\/44","targetHints":{"allow":["GET"]}}],"collection":[{"href":"http:\/\/www.judomicheldorf.com\/index.php?rest_route=\/wp\/v2\/pages"}],"about":[{"href":"http:\/\/www.judomicheldorf.com\/index.php?rest_route=\/wp\/v2\/types\/page"}],"author":[{"embeddable":true,"href":"http:\/\/www.judomicheldorf.com\/index.php?rest_route=\/wp\/v2\/users\/1"}],"replies":[{"embeddable":true,"href":"http:\/\/www.judomicheldorf.com\/index.php?rest_route=%2Fwp%2Fv2%2Fcomments&post=44"}],"version-history":[{"count":9,"href":"http:\/\/www.judomicheldorf.com\/index.php?rest_route=\/wp\/v2\/pages\/44\/revisions"}],"predecessor-version":[{"id":409,"href":"http:\/\/www.judomicheldorf.com\/index.php?rest_route=\/wp\/v2\/pages\/44\/revisions\/409"}],"wp:attachment":[{"href":"http:\/\/www.judomicheldorf.com\/index.php?rest_route=%2Fwp%2Fv2%2Fmedia&parent=44"}],"curies":[{"name":"wp","href":"https:\/\/api.w.org\/{rel}","templated":true}]}}